
Let f = 48 + -34. What is the hundreds digit of 126/(-27)*(-1140)/f?
3
Let h = 63227 - 38870. What is the ten thousands digit of h?
2
Let d = 97317 + -40165. What is the hundreds digit of d?
1
Suppose 0 = -x + g - 6*g + 586, 5*x + 5*g = 2950. Suppose -2*a = -3*j + 573, 11*j + x = 14*j + 4*a. What is the units digit of j?
3
Suppose 23*h - 17*h = 48. Suppose 14*i - 5160 = h*i. What is the tens digit of i?
6
What is the tens digit of (-10)/5*(29 - 869)?
8
What is the tens digit of 37/((-1292)/23496 - (-2)/33)?
8
Let i be 1*4/6 + (-28)/(-21). Suppose -31*b = -i*b - 33669. What is the units digit of b?
1
Let c be (-54)/(-10) - (-4)/(-10). Suppose d - w = -d + 1597, c*w - 5 = 0. Suppose 5*l - 5*v = -159 + d, 0 = 2*v + 4. What is the tens digit of l?
2
Let w = 204 - 241. Let c = -22 - w. What is the tens digit of c?
1
Let c(z) = -z**3 + z**2 - 65*z + 22004. What is the hundreds digit of c(0)?
0
Suppose 3*z + v + 9 - 25 = 0, 22 = 2*z - 5*v. What is the hundreds digit of (-3)/(6/(-569)) - z/12?
2
Suppose 569 = 6*u + 461. Suppose -16230 - 564 = -u*s. What is the tens digit of s?
3
Suppose 0*c = c - 356. Suppose 0 = -96*x + 17*x - 15010. Let g = x + c. What is the hundreds digit of g?
1
Suppose -36*f - 27272 = -84116. What is the tens digit of f?
7
Let a(u) = 84*u + 94. Let p be a(17). Suppose p = -12*z + 24766. What is the hundreds digit of z?
9
Let s(a) = 4*a**3 - 4*a**2 - a + 1. Let r be 3/6 - 1*12/(-8). Suppose 0 = 2*b - r - 6. What is the tens digit of s(b)?
8
Suppose 4296 = 189*a - 187*a. Suppose -m = 3*m - a. What is the hundreds digit of m?
5
Let f be 74/12 - 3/18. Let v be (-140)/(-2 + -3) + 1*-2. Suppose y = v - f. What is the units digit of y?
0
Let m(f) = 48*f**2 - 20*f + 112. Let j be m(6). Suppose -1570 = -5*b + y + 591, -4*b + 3*y + j = 0. What is the tens digit of b?
3
Let x = -166 + 174. Suppose -x*q = -1852 - 3028. What is the hundreds digit of q?
6
Suppose 93*p + 152690 - 506741 = 0. What is the thousands digit of p?
3
Suppose 2*g + 284 = 2*p, -4*g + 2*p - 4*p - 538 = 0. Let u = g - -106. Let z = u - -79. What is the tens digit of z?
4
Let i(q) = -q - 3. Let w be i(-18). Suppose -w*p + 13*p = -180. What is the units digit of p?
0
Let d be 1/(-2 - 69/(-33)). Let i(c) = 17*c**3 - 4*c**2 + 4*c + 17. Let b be i(-2). What is the units digit of 1274/d + (-26)/b?
6
Let q be (-329)/7*(0 - -1)*-1. Suppose -584 = q*m - 43*m. Let z = m - -249. What is the units digit of z?
3
Let f be (-5694)/(-18) - (2 - 6/9). Suppose 0 = -316*w + f*w + 683. What is the hundreds digit of w?
6
Suppose -43*x = -2*s - 39*x + 144, 4*s = 3*x + 278. Suppose -332 = 64*l - s*l. What is the tens digit of l?
8
What is the hundreds digit of ((-36)/3)/(13/(-11492))?
6
Let j = 7218 - 6051. What is the hundreds digit of j?
1
Let h(i) = 15*i**2 - 8*i - 36. Let m(n) = n**2 + 2. Let a(j) = h(j) - 4*m(j). What is the units digit of a(8)?
6
Let v = 183 - -29. Suppose 209*p = v*p - 5268. What is the units digit of p?
6
Let j = -97 + 213. Suppose -580 = -j*t + 114*t. What is the hundreds digit of t?
2
Let k = -34 + 40. Let c(l) = 2*l**3 - 271 + 6*l + 6*l - k*l**2 + 262. What is the tens digit of c(6)?
7
What is the units digit of 5 - ((-40226)/6 - 12/18)?
0
Suppose 2850*f = 2867*f - 72080. What is the units digit of f?
0
Let j(w) = 394*w + 88 - 2 - 50. What is the hundreds digit of j(1)?
4
Let h(i) = 106*i**2 + 448*i + 5327. What is the hundreds digit of h(-12)?
2
Let g be (-6382)/(-7) + 4/(-14)*-1. Suppose 10*b = 14*b - g. What is the tens digit of b?
2
Suppose 20*j - 968 = 9*j. Suppose -3*g = -2*m - 236, -g - 2*m = 2*m - j. What is the tens digit of g?
8
Let m = 4449 + -3542. What is the units digit of m?
7
Let x(u) = u**3 + 9*u**2 + 3*u. Let m be x(-8). Let n = m + -35. Suppose -n*k + 615 = 5*p, 4*p = 3*k + 149 + 322. What is the units digit of p?
0
Suppose 44*a - 39*a - 4080 = 0. Let n = a + -443. What is the units digit of n?
3
Let n = -13 + -12. Let l = 32 + n. Let g = 79 - l. What is the tens digit of g?
7
Let q = 21 - 17. Suppose 5*p - 4*x = -4 + 2175, -q*x + 2179 = 5*p. What is the hundreds digit of p?
4
Suppose 6*p - 6*p + 2*p = 49866. What is the units digit of p?
3
Let c(x) = -x. Let k be c(-1). Let d(q) = q**2 - 25*q + 126. Let y be d(7). Suppose l + k - 38 = y. What is the units digit of l?
7
Suppose -2*b - 8*l = -5*l - 19106, 2*b = -l + 19106. What is the tens digit of b?
5
Let h(i) be the first derivative of 5*i**3/3 - 14*i**2 + 11*i - 38. What is the tens digit of h(14)?
9
Suppose 4*f = 3*f - 79. Let t = f + 92. What is the tens digit of t?
1
Suppose -4*x = 4*o - 212, 0*x + 5*x = 2*o - 71. Let j = -4933 + 4900. What is the tens digit of (o/9)/((-2)/j)?
8
Suppose -2*i = -s + 2713, -5*i - 8624 = -3*s - 478. What is the tens digit of s?
2
Suppose 50 = 11*r - 5. Suppose -2*t = -z + 283, t = r*z - 457 - 958. What is the hundreds digit of z?
2
Suppose -4*j - 2*l = 2566 + 1608, 0 = 4*j - 4*l + 4204. Let m = j + 1481. What is the tens digit of m?
3
Let h be (-40)/(-4)*(0 - -1). Let d(t) = 13*t + 43. Let k be d(-4). Let x = h - k. What is the units digit of x?
9
Let p(k) = -1483*k + 66. Let q be p(-7). Suppose -263 = -21*s + q. What is the units digit of s?
0
Let j(b) = -4*b + 309. Let g be 10 - 10 - 0/(-1). What is the hundreds digit of j(g)?
3
Let f(t) = t**3 + 23*t**2 - t - 62. Let c be f(-23). What is the hundreds digit of (-12123)/c - (-22)/143?
3
Suppose 2*a = 3*a - 3*m + 6, 2*m = a + 8. Suppose 0 = -0*b + 5*b - 3*h - 17, 0 = -3*b + 5*h + 23. What is the tens digit of b/(-4) + (-3243)/a?
7
Let t(w) = -w**3 - 6*w**2 - 5*w. Let j be t(-6). Suppose 0 = -j*l + 32*l. Suppose l = 2*b - s - 286, 6*b - 9*b + 422 = -5*s. What is the hundreds digit of b?
1
Let n be (-20)/12*(0 + 5 + -14). Suppose 0 = -2*d + 5*w + 730, 0 = -16*d + n*d - 3*w + 343. What is the units digit of d?
5
Suppose -4*k = w + 967, 2*k + 5*w + 364 = -97. Let g(f) = f**2 + 31*f - 727. Let v be g(-44). Let x = v - k. What is the units digit of x?
8
Suppose -3963 + 15583 = 28*m. Let j = 17 - 14. Suppose 4*s - m = -j*v + 325, -176 = -s - 3*v. What is the hundreds digit of s?
1
Suppose -m = -4*m - 2*g + 23811, -4*g - 23829 = -3*m. What is the thousands digit of m?
7
Suppose 47*j = 43*j + 12. Suppose -j*c = -1470 - 4257. What is the hundreds digit of c?
9
Let c = 187491 - 130671. What is the units digit of c?
0
Let o be (10 - 1)*((-20)/(-12) - 2). Let h be (-146)/(-2)*(-2)/6*o. Suppose h + 159 = 2*t. What is the hundreds digit of t?
1
Let a = -2603 - -4671. Suppose -42*t = -38*t - a. What is the hundreds digit of t?
5
Let k(g) = -153*g**3 - 7*g**2 + 7*g + 56. Let i be k(-4). Suppose 3180 = -48*w + i. What is the units digit of w?
6
Suppose -2*c = 2*c - 4, 2*y + c = 353. Suppose -5*x + b + 304 = -148, 2*b = 2*x - y. What is the units digit of x?
1
Suppose 3*p = -q + 28493, -65652 = -2*q - 5*p - 8672. What is the ten thousands digit of q?
2
Suppose -12*x - 54 = -18*x. Suppose -3*w + x*p = 8*p - 3807, 5*w - 5*p - 6355 = 0. What is the tens digit of w?
6
Let s be 166748/14 + (-136)/238. Suppose s - 1730 = 10*p. What is the thousands digit of p?
1
What is the ten thousands digit of ((-60)/(-90))/((-2)/(-68844))?
2
Let x = 36 + -21. Suppose 3*q + s = x, 4*s - 15 - 5 = -4*q. Suppose 6*t = -q*t + 990. What is the tens digit of t?
9
Let s = 24470 + -12450. What is the units digit of s?
0
Suppose -10*q + 9 = -41. Suppose 4*t = -q*n + 3184, -t - 4*n + 587 = -198. What is the tens digit of t?
0
Suppose 5*k = 2*l - 51292, -4*l + 102554 = -3*k - 2*k. What is the hundreds digit of l?
6
Suppose -3*c - 4*v + 5 = 0, 5*v + 44 = 3*c + 3. Suppose 6*a - c*a + 67 = 0. What is the tens digit of a?
6
Suppose -6*v = -3*v - 3*l - 18, 0 = -3*v - 3*l - 6. Let z be ((-1396)/8)/((-1)/v). Suppose 0 = 4*d - z - 99. What is the hundreds digit of d?
1
Suppose 13*q + 2060 = 8*q. Let t = 35 - q. What is the units digit of t?
7
Let r = 379 + -9. What is the units digit of r?
0
Let f(i) be the second derivative of -3*i**5/20 - i**3/6 + 7*i**2/2 - 7*i. What is the units digit of f(-3)?
1
Let y = 45455 - 27349. What is the thousands digit of y?
8
Let l(j) = -5*j**2 + 2. Let d be l(-1). What is the hundreds digit of ((-8)/36*d)/(4/1074)?
1
Let f(j) = 5*j + 32. Let m be f(-6). Suppose 4*b = d - 234, -m*b = -7*b. Suppose -3*o = -0*o - d. What is the uni